252) + (-4)/28).
12
Suppose -6 = y + 2*s - 0, 5*y + 6 = -4*s. Suppose -x + 25 = 2*j, y*x + 2*j - 58 = 6*j. Calculate the remainder when 48 is divided by x.
21
Let r(p) = 2*p**2 + 54*p + 413. What is the remainder when 59 is divided by r(-12)?
6
Let d = 9 + -5. Suppose -d*l = 4*t - 56, -l - 5*t + 3*t = -18. Let n = 5169 + -5145. Calculate the remainder when n is divided by l.
4
Suppose -11*n + 8*n = -8*n. Suppose 4*x + w = 139 - 44, -4*x + 101 = -5*w. What is the remainder when (-2 - n)*((-6 - -2) + -43) is divided by x?
22
Let a = 56 + -94. Let y = a + 41. Suppose 4*w + 95 = 6*w - 3*b, y = 3*b. What is the remainder when w is divided by 17?
15
Let r(c) = 2*c**2 + 15*c - 21. Let a be 1/(1 - (0 - 11/(-10))). Calculate the remainder when 144 is divided by r(a).
28
Suppose 0 = 3*t + g - 89, g - 3*g - 8 = 0. Calculate the remainder when t is divided by ((-32)/(1 + 1))/(393 - 395).
7
What is the remainder when (((-650)/26)/25)/(1/(-57)) is divided by 12?
9
Suppose -1278 = 4*z + 2*w - 3466, -3*w + 1635 = 3*z. Calculate the remainder when 4824/84 - -2*2/7 is divided by 2/(-8) + z/36.
13
Suppose -3397 = 17*p - 36751. Suppose 11*y - 73 = p. Calculate the remainder when y is divided by 62.
61
What is the remainder when (99/6)/(78/7631) - 6/(-8) is divided by 2?
1
Suppose -5*q + 61 = -54. What is the remainder when (17 + 11 + 30 + 6)*(-3)/(-3) is divided by q?
18
Suppose -w + 5*v = -320 + 269, 5*w + 3*v - 199 = 0. Let y(i) = -i**2 + 158. What is the remainder when y(0) is divided by w?
35
Let d = 173 - 203. What is the remainder when (-26)/(-195) + (-416)/d is divided by 4?
2
Let d(c) = -274*c**3 + c**2 + 29*c + 27. What is the remainder when d(-1) is divided by 86?
15
Let i be (-224)/(-10) + 28/(-70). Let b(d) = -d**2 + 23*d - 9. Calculate the remainder when 843 is divided by b(i).
11
Let c = 12440 + -12395. Calculate the remainder when 533 is divided by c.
38
Let s = -6931 - -7463. What is the remainder when s is divided by 30?
22
Let z = 298 - 200. Suppose -2*d - p + z = p, 155 = 3*d + p. Calculate the remainder when d is divided by -1*(-12)/2 - (-33)/((-330)/(-20)).
5
Let w = -450 - -848. Suppose 22 + 342 = 9*t - 86. What is the remainder when w is divided by t?
48
Let d(z) = -3*z**2 + 200*z - 481. What is the remainder when d(63) is divided by 120?
92
Let r be (2 + -2)/(-1 + 0). Suppose r = -5*c - p + 4*p + 86, -5*c + 2*p = -89. Let s = -17 + c. Calculate the remainder when s is divided by 2.
0
Let i = 145 + -113. Let l = -468 - -477. What is the remainder when i is divided by l?
5
Let x = 125 + -84. Suppose -4*o + x = 2*r - o, 0 = -3*o - 3. Calculate the remainder when 59 is divided by r.
15
Let y(f) = -7*f**2 - 683*f + 303. Calculate the remainder when y(-97) is divided by 228.
7
Let g be (-1)/((1/1)/5*-5). Let q(a) = 193*a - 49. What is the remainder when q(g) is divided by 30?
24
Suppose 0 = 3*f - 19*f + 880. What is the remainder when 14/(-35) - 2154/(-10) is divided by f?
50
Let z be (112/(-24) + -2 + 7)*27. Suppose -z*c - 35 = -476. Calculate the remainder when c is divided by 27.
22
Let p(m) = -m**2 - m + 8. Let r be p(2). Suppose -r*c - 8 = h - 12, -67 = -3*h + 5*c. What is the remainder when 108 is divided by h?
10
Let k be 4 + -1 - (-8 + 6). Suppose 4*s - 3*a - 101 = 61, k*a = s - 49. What is the remainder when 116 is divided by s?
38
Let s be (-25)/((-28)/(-8) - 3). Calculate the remainder when -6*(-15)/s*-30 is divided by 14.
12
Let z = 5720 + -5716. What is the remainder when 56 is divided by z?
0
What is the remainder when 356 is divided by 21/(2079/(-44))*15*(-18)/5?
20
Let s(c) = c**3 + 84*c**2 + 1080*c - 240. What is the remainder when s(-68) is divided by 9?
7
Let k(r) = 578*r + 340. What is the remainder when k(0) is divided by 157?
26
Suppose -12 = 4*c, -5*t - 3*c = -23 - 3. Suppose 101*y = 89*y + 636. What is the remainder when y is divided by t?
4
Suppose -7*b + 1331 = 114*b. Calculate the remainder when (-1*1)/(4/(-292)) is divided by b.
7
Let u(d) = -3*d**2 + 272*d - 31. Calculate the remainder when 2672 is divided by u(90).
139
Let o(c) = -2*c**3 + 9*c**2 + 7*c - 13. Let a be o(5). Calculate the remainder when 455 is divided by 2/a - (-4 + (-966)/18).
56
Suppose 996 = 87*o - 3702. Let d = 4 + 10. What is the remainder when o is divided by d?
12
Suppose c - 4*b = 10, 0 = -c - 3*c - 2*b + 4. Suppose 2*m + 3*a = 319, -13 = -3*a + c. What is the remainder when m is divided by 51?
50
Suppose -335 = 3*p + 361. Calculate the remainder when 130 is divided by (-105)/4*p/87.
60
Let f(i) = -2248*i - 8956. Calculate the remainder when 652 is divided by f(-4).
4
Let b = 30942 + -30885. What is the remainder when 347 is divided by b?
5
Let x(a) = 3*a + 6. Let l be x(-2). Let c(v) = v**3 + v**2 - v - 9. Let s be c(l). Calculate the remainder when 56 is divided by (-372)/(-27) - 4 - 2/s.
6
Suppose 2*n + 24 + 39 = m, -n = -5. Calculate the remainder when m is divided by 42.
31
Suppose 436 = f + 5*n, -2*f = 2*n + 3*n - 857. Suppose -2*s = 5*i + 100 - 798, 0 = -3*i + s + f. Let u = -79 + i. What is the remainder when u is divided by 17?
10
Let a(y) = -y**3 + 6*y**2 + 17*y + 4. Let f = -6 - -9. Suppose -5*z = -f*r - 0*z + 193, 0 = 4*r - 3*z - 261. What is the remainder when r is divided by a(-3)?
32
Let b = 271 - 275. Let a = b - -88. Calculate the remainder when a is divided by 10.
4
Let a = 538 - 518. Suppose 5*m - 3*j = 276, 2*m + 2*j - 177 = -m. What is the remainder when m is divided by a?
17
Suppose 64*t = 209*t - 103*t - 13230. Calculate the remainder when t is divided by 145.
25
Suppose 3*v = -6, 4*c - 66 = -3*v - 0. Suppose -4*r + 306 = -r. What is the remainder when r is divided by c?
12
Let k(g) = 4*g - 18. Let z be k(4). Let q be 13 + 6/(3/3*z). Suppose -4*r + s = 3*s - q, 0 = -5*s + 15. Calculate the remainder when r is divided by 1.
0
Suppose -237*y + 182*y + 6985 = 0. Suppose -5*o = -0*o - 80. Calculate the remainder when y is divided by o.
15
Let i = 38246 - 38164. Calculate the remainder when 899 is divided by i.
79
Let o(p) = -101*p + 1629. What is the remainder when 134 is divided by o(16)?
4
Suppose 4*u = 5*a + 155, -a + 210 = 4*u + 25. Calculate the remainder when 48 is divided by u.
3
Let a(w) = 102*w**3 + w**2 - w - 2. Let k be a(-1). Calculate the remainder when 77 is divided by (-2 + 0)/(-4 + k/(-27)).
5
Suppose 5*f - 410 = 5*l, 3*l - 303 = -3*f - 27. Suppose -z - 5*t - 9 = 0, 5*t + 2 = -3. Calculate the remainder when f is divided by ((-2)/z)/(8/(-176))*-1.
10
Suppose -139 = -64*w + 629. Calculate the remainder when 4449 is divided by w.
9
Let p be ((0/(-9))/(-5))/(3 - 0). Suppose k + 17 - 94 = 3*r, 2*k + r - 154 = p. Calculate the remainder when k is divided by 27.
23
Calculate the remainder when 237 is divided by 26 - 700/105 - ((-2)/3 + 0).
17
Suppose 2*i + 4*i - 42 = 0. Suppose -i*k = -13 - 120. What is the remainder when 62 is divided by k?
5
Let l(c) = -11*c**3 + 15*c**2 + 152*c + 18. Calculate the remainder when l(-7) is divided by 63.
60
Suppose 1457 = -172*y + 13112 + 5201. What is the remainder when 289 is divided by y?
93
Let z be 1/(-3)*213*-4. Suppose 4*g - 17*k - z = -20*k, 0 = 2*g - 5*k - 168. Calculate the remainder when 514 is divided by g.
70
Suppose g + x - 150 = 0, -5 = -2*g - 3*x + 293. Let n = 205 - g. Suppose -8*k = -3*k - 40. Calculate the remainder when n is divided by k.
5
Let a(o) = o**2 - 3*o + 28. Let x be a(0). Suppose -x*j + 532 = 10*j. What is the remainder when j is divided by 7?
0
Let l(c) = 26*c + 1280. What is the remainder when l(-37) is divided by 16?
14
Calculate the remainder when ((-1955)/68)/(-23)*636 is divided by 264.
3
Suppose -j + 5*j = 8. Suppose 2*l + 7 = -5*h - 2*l, 11 = 5*h - j*l. Calculate the remainder when 84 is divided by 27 - (-3 - (0 - h)).
26
Let s = -99 + 196. Let m = -59 + s. What is the remainder when 151 is divided by m?
37
Suppose 35 = -4*i - 61. Let a = i + 4. What is the remainder when 34 is divided by 1 + (-5)/(25/a)?
4
Suppose 1978*c + 174 = 2007*c. Calculate the remainder when 128 is divided by c.
2
Let m = -35 - -58. Suppose -8*n + 2*r = -12*n - 6, 2*r = n - 1. What is the remainder when 3*(n/2 + (-181)/(-6)) is divided by m?
20
Let v = 316 - 56. Suppose n - 2*f = v, -3*n - 784 = -6*n + 2*f. Suppose n = 4*l + 2*d, -3*d + 1 = -2. Calculate the rema